{"id":351,"date":"2023-06-28T09:26:44","date_gmt":"2023-06-28T07:26:44","guid":{"rendered":"https:\/\/www.aluri.sk\/?post_type=product&#038;p=351"},"modified":"2023-09-12T14:16:21","modified_gmt":"2023-09-12T12:16:21","slug":"starmix-uclean-ld-1432-wet","status":"publish","type":"product","link":"https:\/\/www.aluri.sk\/index.php\/produkt\/starmix-uclean-ld-1432-wet\/","title":{"rendered":"STARMIX UCLEAN LD-1432 &#8220;WET&#8221;"},"content":{"rendered":"<p><span style=\"font-family: 'arial black', 'avant garde';\"><b>PRIEMYSELN\u00c9 VYS\u00c1VA\u010cE RADU UCLEAN NA NAS\u00c1VANIE TEKUT\u00cdN. S NOV\u00ddM A VYLEP\u0160EN\u00ddM PENOV\u00ddM FILTROM, KTOR\u00dd CHR\u00c1NI MOTOR PRED HRUB\u00ddMI \u010cASTICAMI NE\u010cIST\u00d4T. V\u010eAKA ZAIS\u0164OVACEJ SKRUTKE ZOST\u00c1VA PEVNE UPEVNEN\u00dd V PO\u010cIATO\u010cNEJ POLOHE A JE MO\u017dN\u00c9 HO \u013dAHKO MENI\u0164. NA POU\u017dITIE V BUDOV\u00c1CH, GAR\u00c1\u017dACH, V DOM\u00c1CNOSTI AT\u010e. VYBAVEN\u00dd PR\u00cdSLU\u0160ENSTVOM NA ODS\u00c1VANIE VODY, KTOR\u00c9 JE MO\u017dN\u00c9 \u00daPLNE UMIESTNI\u0164 DO SKLADU PR\u00cdSLU\u0160ENSTVA VYS\u00c1VA\u010cA. U\u017d\u00cdVATE\u013dSKY PR\u00cdVETIV\u00dd V\u010eAKA VE\u013dK\u00c9MU NO\u017dN\u00c9MU SP\u00cdNA\u010cU NA ZAP\u00cdNANIE A VYP\u00cdNANIE A BO\u010cNEJ PARKOVACEJ POLOHE SACIEHO PR\u00cdSLU\u0160ENSTVA. S NAJLEP\u0160\u00cdM NAV\u00cdJAN\u00cdM HADICE NA TRHU A FIX\u00c1CIOU KONEKTORA.<\/b><\/span><\/p>\n<p><br style=\"font-weight: 400;\" \/><br style=\"font-weight: 400;\" \/><\/p>\n","protected":false},"excerpt":{"rendered":"<p>PRIEMYSELN\u00c9 VYS\u00c1VA\u010cE RADU UCLEAN NA NAS\u00c1VANIE TEKUT\u00cdN. S NOV\u00ddM A VYLEP\u0160EN\u00ddM PENOV\u00ddM FILTROM, KTOR\u00dd CHR\u00c1NI MOTOR PRED HRUB\u00ddMI \u010cASTICAMI NE\u010cIST\u00d4T. V\u010eAKA ZAIS\u0164OVACEJ SKRUTKE ZOST\u00c1VA PEVNE UPEVNEN\u00dd V PO\u010cIATO\u010cNEJ POLOHE A JE MO\u017dN\u00c9 HO \u013dAHKO MENI\u0164. NA POU\u017dITIE V BUDOV\u00c1CH, GAR\u00c1\u017dACH, V DOM\u00c1CNOSTI AT\u010e. VYBAVEN\u00dd PR\u00cdSLU\u0160ENSTVOM NA ODS\u00c1VANIE VODY, KTOR\u00c9 JE MO\u017dN\u00c9 \u00daPLNE UMIESTNI\u0164 DO SKLADU [&hellip;]<\/p>\n","protected":false},"featured_media":352,"comment_status":"open","ping_status":"closed","template":"","meta":[],"product_cat":[31],"product_tag":[],"class_list":{"0":"post-351","1":"product","2":"type-product","3":"status-publish","4":"has-post-thumbnail","6":"product_cat-priemyselne-vysavace","8":"first","9":"instock","10":"taxable","11":"shipping-taxable","12":"purchasable","13":"product-type-simple"},"jetpack_sharing_enabled":true,"_links":{"self":[{"href":"https:\/\/www.aluri.sk\/index.php\/wp-json\/wp\/v2\/product\/351","targetHints":{"allow":["GET"]}}],"collection":[{"href":"https:\/\/www.aluri.sk\/index.php\/wp-json\/wp\/v2\/product"}],"about":[{"href":"https:\/\/www.aluri.sk\/index.php\/wp-json\/wp\/v2\/types\/product"}],"replies":[{"embeddable":true,"href":"https:\/\/www.aluri.sk\/index.php\/wp-json\/wp\/v2\/comments?post=351"}],"wp:featuredmedia":[{"embeddable":true,"href":"https:\/\/www.aluri.sk\/index.php\/wp-json\/wp\/v2\/media\/352"}],"wp:attachment":[{"href":"https:\/\/www.aluri.sk\/index.php\/wp-json\/wp\/v2\/media?parent=351"}],"wp:term":[{"taxonomy":"product_cat","embeddable":true,"href":"https:\/\/www.aluri.sk\/index.php\/wp-json\/wp\/v2\/product_cat?post=351"},{"taxonomy":"product_tag","embeddable":true,"href":"https:\/\/www.aluri.sk\/index.php\/wp-json\/wp\/v2\/product_tag?post=351"}],"curies":[{"name":"wp","href":"https:\/\/api.w.org\/{rel}","templated":true}]}}