{"id":258,"date":"2023-06-27T13:17:22","date_gmt":"2023-06-27T11:17:22","guid":{"rendered":"https:\/\/www.aluri.sk\/?post_type=product&#038;p=258"},"modified":"2023-08-02T13:54:45","modified_gmt":"2023-08-02T11:54:45","slug":"starmix-isc-m-1625-safe","status":"publish","type":"product","link":"https:\/\/www.aluri.sk\/index.php\/produkt\/starmix-isc-m-1625-safe\/","title":{"rendered":"STARMIX ISC M-1625 SAFE"},"content":{"rendered":"<p><span style=\"font-family: 'arial black', 'avant garde';\"><b>\u010cI U\u017d PRE N\u00c1RO\u010cN\u00c9 PR\u00c1CE V DIELNI ALEBO NA STAVBE &#8211; ISC S AUTOMATICK\u00ddM \u010cISTEN\u00cdM PULZN\u00c9HO FILTRA PO\u010cAS PRACOVN\u00ddCH PREST\u00c1VOK. PON\u00daKA OSVED\u010cEN\u00da TECHNOL\u00d3GIU A KVALITU PRE POU\u017dITIE S VYSOK\u00ddMI EMISIAMI PRACHU. NA VYS\u00c1VANIE PRIAMO NA ELEKTRICKOM N\u00c1RAD\u00cd PO\u010cAS PR\u00c1CE. S ISC JE VYSOK\u00dd V\u00ddKON KOMBINOVAN\u00dd S VYSOKOU FLEXIBILITOU, ERGON\u00d3MIOU A KOMPAKTN\u00ddMI ROZMERMI PRE OPTIM\u00c1LNY VYU\u017dITE\u013dN\u00dd OBJEM.<\/b><\/span><\/p>\n","protected":false},"excerpt":{"rendered":"<p>\u010cI U\u017d PRE N\u00c1RO\u010cN\u00c9 PR\u00c1CE V DIELNI ALEBO NA STAVBE &#8211; ISC S AUTOMATICK\u00ddM \u010cISTEN\u00cdM PULZN\u00c9HO FILTRA PO\u010cAS PRACOVN\u00ddCH PREST\u00c1VOK. PON\u00daKA OSVED\u010cEN\u00da TECHNOL\u00d3GIU A KVALITU PRE POU\u017dITIE S VYSOK\u00ddMI EMISIAMI PRACHU. NA VYS\u00c1VANIE PRIAMO NA ELEKTRICKOM N\u00c1RAD\u00cd PO\u010cAS PR\u00c1CE. S ISC JE VYSOK\u00dd V\u00ddKON KOMBINOVAN\u00dd S VYSOKOU FLEXIBILITOU, ERGON\u00d3MIOU A KOMPAKTN\u00ddMI ROZMERMI PRE OPTIM\u00c1LNY VYU\u017dITE\u013dN\u00dd [&hellip;]<\/p>\n","protected":false},"featured_media":259,"comment_status":"open","ping_status":"closed","template":"","meta":[],"product_cat":[31],"product_tag":[],"class_list":{"0":"post-258","1":"product","2":"type-product","3":"status-publish","4":"has-post-thumbnail","6":"product_cat-priemyselne-vysavace","8":"first","9":"instock","10":"taxable","11":"shipping-taxable","12":"purchasable","13":"product-type-simple"},"jetpack_sharing_enabled":true,"_links":{"self":[{"href":"https:\/\/www.aluri.sk\/index.php\/wp-json\/wp\/v2\/product\/258","targetHints":{"allow":["GET"]}}],"collection":[{"href":"https:\/\/www.aluri.sk\/index.php\/wp-json\/wp\/v2\/product"}],"about":[{"href":"https:\/\/www.aluri.sk\/index.php\/wp-json\/wp\/v2\/types\/product"}],"replies":[{"embeddable":true,"href":"https:\/\/www.aluri.sk\/index.php\/wp-json\/wp\/v2\/comments?post=258"}],"wp:featuredmedia":[{"embeddable":true,"href":"https:\/\/www.aluri.sk\/index.php\/wp-json\/wp\/v2\/media\/259"}],"wp:attachment":[{"href":"https:\/\/www.aluri.sk\/index.php\/wp-json\/wp\/v2\/media?parent=258"}],"wp:term":[{"taxonomy":"product_cat","embeddable":true,"href":"https:\/\/www.aluri.sk\/index.php\/wp-json\/wp\/v2\/product_cat?post=258"},{"taxonomy":"product_tag","embeddable":true,"href":"https:\/\/www.aluri.sk\/index.php\/wp-json\/wp\/v2\/product_tag?post=258"}],"curies":[{"name":"wp","href":"https:\/\/api.w.org\/{rel}","templated":true}]}}